g) = -6*g - 7. Let p(w) = -2*n(w) + 7*o(w). Suppose -3*b - 15 = 2*t + t, -3*b + t = 23. Is p(b) a prime number?
False
Suppose -4*y + 0*m = -4*m, -5*y + 30 = 5*m. Suppose 3*a - a + 5*w - 2093 = 0, -y*w + 9 = 0. Is a a composite number?
False
Suppose 0 = -5*f - c + 7, 0 = -2*c - 0 + 4. Let l be f*-5*(-207)/15. Let j = 10 + l. Is j composite?
False
Suppose -4*o - 12 = 0, b = 38*o - 42*o + 1349. Is b a prime number?
True
Let k = 32 - -27. Is k a prime number?
True
Suppose 28*h = -9*h + 1377917. Is h a composite number?
True
Let a(i) = 61*i - 23. Let v(w) = 62*w - 21. Let g(c) = 6*a(c) - 5*v(c). Is g(14) composite?
False
Let l = 26 - 4. Suppose -q + l - 7 = 0. Let r = q + 6. Is r a prime number?
False
Let u = -2 + 2. Suppose -5*a + 20 = 5*d, a = -u*a + 3. Is -1 - -7 - (d - 5) a composite number?
True
Let k be (19/(-3))/((-5)/360). Let j = k + -298. Suppose a = -a + j. Is a a composite number?
False
Suppose 0 = -7*r + 16829 + 4640. Is r a prime number?
True
Let b be 1/6 - 83/(-6). Suppose 4 = 15*d - b*d. Suppose -d*m = -m - 435. Is m a composite number?
True
Suppose 5*p = -2*h + h - 5, 5*h + 4*p + 4 = 0. Suppose -5*j + 3*u + 0*u + 1736 = h, -4*u + 1722 = 5*j. Is j a prime number?
False
Let x be (-6)/(-9) + (-4)/(-3). Let r(z) = 0*z**x - 12 - 257*z**3 + 0*z**2 + z**2 + 11. Is r(-1) prime?
True
Suppose -68227 = -2*x + 3*m, -2*m = -2*x - 2*x + 136458. Is x a composite number?
True
Is (6 + -5)*1*(-1 - -2354) prime?
False
Suppose 2*w + 2*x - 14 = 0, -6 - 6 = -4*w + 4*x. Suppose w*o - 4638 = 3167. Is o prime?
False
Let i be (-6)/(-2) - 9/(-12)*-4. Is 376 + 0 + 0 + (3 - i) prime?
True
Suppose 2*v - 45 = -v. Suppose -v = b - 37. Is b a composite number?
True
Let u(d) = -10*d**3 + 37*d + 3. Let l be u(-6). Let w = -1144 + l. Is w a composite number?
False
Suppose -2*i - i + 12986 = -5*u, 0 = -5*i - u + 21634. Is i prime?
True
Suppose -n - 3679 - 129 = -5*w, -3*w = -6. Let u = n + 5927. Is u a composite number?
False
Suppose 84*f - 5 = 83*f. Suppose 5*o + f*v - 6051 = -2106, 0 = -5*v + 10. Is o a composite number?
False
Suppose -4*k = -2*o - k - 3, -2*o + 5*k = 5. Suppose 39 = -3*i - 5*d, o = -4*i + 4*d - 10 - 10. Let n(h) = h**2 + 6*h - 5. Is n(i) composite?
False
Suppose -105545 + 354123 = 22*g. Is g prime?
True
Suppose -20 = 3*m - 59. Let d = 33 + m. Is d a composite number?
True
Is -2*(-9644)/(-24)*-3 prime?
True
Is (-3830)/(-2)*(-3 - 110/(-25)) prime?
False
Let l(j) = 19750*j**2 + j. Is l(1) a prime number?
True
Let g be (2 + (1 - -1))*(-2247)/(-28). Suppose -4*w - 2 + 18 = 0. Suppose -w*i = 5*d - g, -d - 3*i + 64 = -2*i. Is d prime?
False
Suppose 6495 = x - 2*v, 3*x - 3*v = -649 + 20128. Is x a composite number?
False
Suppose 3602 = 4*m + j - 1670, -1311 = -m - 2*j. Is m prime?
True
Let y(c) be the third derivative of c**7/630 - c**6/90 - c**5/120 - 5*c**4/24 - 3*c**2. Let a(v) be the second derivative of y(v). Is a(6) composite?
True
Let l(b) = -3*b + 23. Let z be l(7). Suppose 5*k - 61 = -t - 0*t, -5*t - 19 = -z*k. Is (259 - k)*(-1 + 2) prime?
False
Let y = 25 + -20. Suppose -y*j + 22 = -q, -3*j = -4*q - j + 2. Is q prime?
True
Suppose -q - 3*z + 2193 = 0, -2*q = 2*q + 2*z - 8732. Suppose 3*k - 11331 = q. Is (-10)/(-4)*k/20 prime?
True
Suppose -x - 93 = -27. Let f be 1 - x - (4 - 8). Let j = f + -4. Is j a prime number?
True
Suppose 0 = -j - 3*l + 13 - 1, -8 = -3*j + 5*l. Suppose -2*c - 4*k = -j*c + 492, -5*k = 4*c - 474. Is c prime?
False
Let w(y) = 5*y + 5 + 6*y**2 - 11*y**2 + y**3 - 3 - y**2. Let z be w(5). Let n(o) = 58*o - 5. Is n(z) prime?
False
Let f(i) = -i**2 - 47*i - 63. Is f(-30) composite?
True
Let x be 18/4 - ((-1)/(-2) - 0). Suppose 3*j = x*o - 4920, 5*o + 0*j = 3*j + 6147. Is o a composite number?
True
Let z = 25 + -17. Suppose -z*c + 8510 + 7050 = 0. Is c a composite number?
True
Let k(w) = 7*w**2 - 5*w - 2. Let p be (-8)/((-6 - 0)/(-3)). Let x be k(p). Suppose 0 = -9*i + 7*i + x. Is i a prime number?
False
Suppose -3*k + 65921 = -2*a, 2*k + 113*a - 43950 = 115*a. Is k composite?
True
Suppose 22*m - 14914 = 926. Let k = 518 - 259. Let v = k + m. Is v a composite number?
True
Suppose -22*j - 1545 = -17*j. Let n = -176 - j. Is n composite?
True
Suppose 0 = -2*d + 7*d. Suppose 0*a + 3*a + 18 = d. Let h = a - -12. Is h composite?
True
Suppose -2*u - 12 = -5*u. Suppose -o = u*o. Is (o - -31)*5/5 a prime number?
True
Suppose -3*f + 62993 = 5*a, 4*a = -4*f + 14697 + 69299. Is f prime?
True
Let f(v) = 31*v + 25. Suppose -m - i + 8 = 0, 4*m - 3*i - 14 - 4 = 0. Is f(m) a composite number?
False
Let m(y) = 128*y**2 + y - 9. Let d be m(4). Is (-38)/(-95) + d/5 a composite number?
False
Is -1*(-155353)/(10 - -1) composite?
True
Let m(j) = -2*j**3 - 8*j**2 + 13*j + 29. Is m(-12) prime?
False
Is 9/(-5) - 27825872/(-340) a composite number?
False
Let k = -1974 - -13541. Is k a composite number?
True
Let u be 1/1 + -1 + 4. Suppose 403 = -u*k + 1735. Suppose -k = -3*y - 0*y. Is y a composite number?
True
Let j = 84503 + -56422. Is j composite?
False
Let f = -11 - -17. Suppose 55 = f*t - 35. Is ((-4990)/(-25))/(6/t) a composite number?
False
Let w(u) = -u**3 - 13*u**2 - 7*u + 11. Suppose 5*s - d = -61, -d + 7 - 18 = s. Let x be w(s). Let j = 30 - x. Is j composite?
False
Suppose -4 = -s + 1. Suppose -s*d + 529 = 64. Is d a composite number?
True
Is 2/(-2 + 3) + 11819 + -2 prime?
False
Let k = -12 + 15. Suppose -2*m + 11 = k, 2*j - 4*m - 678 = 0. Is j a composite number?
False
Let c(t) = -t**3 - t**2 + 15. Suppose -4*l = -12*l. Is c(l) a prime number?
False
Let a = 249 + -141. Suppose 4*t - 736 - a = 0. Is t a composite number?
False
Let u(w) = -w**3 + 22*w**2 + 51*w + 45. Is u(23) prime?
False
Let z be 9/12 + 119/28. Suppose 0 = z*d - 15 - 10. Suppose -o = -d*o + 3004. Is o a prime number?
True
Let w(y) = -y**2 + 20*y - 24. Let z be w(18). Suppose 0 = -6*f + 3*f + z. Suppose 0 = f*g - 232 - 796. Is g prime?
True
Let x(c) = 7*c - 5*c - 3 - 5*c + 4*c. Let k(l) = -2*l - 8. Let q be k(-7). Is x(q) composite?
False
Suppose 7*x - 24 = 3*x - 3*m, 5*x = -4*m + 31. Suppose -z - x = -2*z. Is (-179)/(-1)*(-2 + z) a prime number?
True
Let a be (-3)/(-2)*2*-3. Let c = 18 + -60. Let t = a - c. Is t composite?
True
Let z = 997 + -210. Is z a prime number?
True
Suppose -3*w + 20 = 3*j - 2*w, 5*j - 38 = -4*w. Suppose -36 = -4*c + j*c. Is (-3684)/c + 2/6 a prime number?
False
Let r(b) = 48*b**2 - 5. Let g be r(5). Let d = g - -766. Is d a prime number?
False
Suppose 16*w = -5*k + 15*w + 247200, -197746 = -4*k + 2*w. Is k prime?
False
Suppose 512653 = 28*o + 116649. Is o a composite number?
False
Let u be (-99)/(-12) + 1/(-4). Suppose -h - 4417 = -u*h. Is h prime?
True
Suppose 14*a - 15*a - 5 = 0, 4*a = -3*s + 122293. Is s a prime number?
True
Let m = 4487 - -584. Is m a prime number?
False
Let v(u) = 12*u**2 + u - 1. Let p = 4 - 8. Is v(p) composite?
True
Suppose p - u = 0, 0 = p - 2*p - u. Suppose -11*l - 18 + 1151 = p. Is l prime?
True
Suppose -w - 5 = -5*x, 2*x + 5 = -w + 14. Suppose -w*f - 11*f + 4016 = 0. Is f composite?
False
Suppose -7*t - 4 = -32. Suppose -x + 3*x = 1580. Suppose 0 = -t*v + x + 390. Is v a prime number?
False
Suppose 0*x - 4*h + 552 = -4*x, 5*h = -5*x - 710. Let v = -81 - x. Is v a composite number?
False
Let c(r) = 3*r**2 - 4*r + 3. Let q be c(1). Suppose 923 = t + q*t + 2*v, -3*v + 924 = 3*t. Is t a composite number?
False
Suppose t - 1 - 2 = -4*b, b + 18 = -4*t. Suppose -3*w = -6*w - 5*z + 4956, w - 1663 = b*z. Is w composite?
False
Let s = -642 + 1085. Is s a prime number?
True
Suppose -32 = -10*z + 2*z. Suppose -z*c - 1 = -17. Suppose -c*q + 100 = t - 59, 4*q = -4. Is t a composite number?
False
Suppose -67*s = -23*s - 183788. Is s a prime number?
True
Let v be (-2 - -1) + (3 - -1). Suppose -2*q - v*q = -275. Is q composite?
True
Let v = 908 + 2321. Is v a composite number?
False
Suppose -3*z = 0, 0 = -2*p + p - 3*z + 6. Is (15/p + -3)*-1010 a composite number?
True
Suppose -4*q + 127011 = 46399. Is q composite?
True
Let q = 5855 + -2850. Is q a composite number?
True
Let m(n) = -2*n + 21. Let o be m(10). Let l(s) = 1621*s**3 - s**2 + 1. Let f be l(o). Suppose 5848 = 7*g - f. Is g prime?
False
Let o(v) be the first derivative of 71*v**3/3 - 6*v**2 + 11. Is o(-5) composite?
True
Let a(o) = -3*o + 10*o**2 - 2 + 2 - 4 + 6*o**2. Is a(5) a co